be n(q). Suppose -f - d*f + 135 = 0. What is the highest common factor of 3 and f?
3
Let v be ((-28)/(-8))/(2/(-4)). Let x be (2/6)/(v/(-2457)). Calculate the highest common factor of x and 13.
13
Suppose u - 3 = -2*u. Let o be (9/15)/((-4)/(-20)). Suppose -3*x - 5*m + 42 - 8 = 0, 4*m - 29 = -o*x. Calculate the highest common factor of u and x.
1
Let r be 8*(3/12 + 0 - 0). What is the highest common divisor of r and 46?
2
Let v be (5 - 1)*23/4. Let q(z) = 21*z - 4*z - 2 + 9. Let i be q(5). What is the highest common divisor of i and v?
23
Let v = -8 - -13. Let k(a) = a**2 - 2*a. Let s be k(5). Calculate the highest common factor of v and s.
5
Let j = -9 - -13. Suppose 3*w - j = 2. Let d be (-572)/(-16) + w/8. What is the greatest common factor of d and 24?
12
Suppose r - 2*q = -408, r - 5*q + 544 - 121 = 0. Let b = r - -251. Let i = -30 - b. Calculate the highest common factor of 13 and i.
13
Let w(u) = -u - 5. Let j be w(-7). Suppose -11 = -2*c - y, j*y + 9 = -y. Suppose c*i - 15 = 4*i. What is the highest common factor of 40 and i?
5
Let i be ((-15)/4)/((-2)/(-8)). Let a be (-5)/i - (-10)/(-3). Let t = a - -12. What is the highest common divisor of 81 and t?
9
Let t(o) = 16*o**2 - 16*o - 2. Let q(d) = -5*d**2 + 5*d + 1. Let i(w) = -10*q(w) - 3*t(w). Let z be i(5). What is the greatest common divisor of 90 and z?
18
Let q = 23 + -41. Let k be (-4)/q - (-140)/18. Suppose -2*c - 8 = -32. What is the highest common factor of k and c?
4
Let d = 96 + -48. Let o be 1 + (-2 - -3) + 2. Suppose -3*x + 5*q = q - 52, 4*q = -o. Calculate the greatest common divisor of d and x.
16
Suppose -15*r + 72 = -153. Suppose 2*y = -4*f + 5*f + 12, 2*y - 8 = 3*f. Let c be ((-6)/y)/(2/(-14)). Calculate the highest common divisor of r and c.
3
Suppose 16 = 4*r - 0*r. Suppose r*f + 4*a + 12 = 0, -5*f + 9 = -0*f - 3*a. Suppose f = 4*j - j - 9. What is the greatest common factor of 1 and j?
1
Let o = -58 - -64. Calculate the highest common factor of o and 6.
6
Suppose -6*m + 147 = -33. What is the highest common divisor of 12 and m?
6
Suppose -2 = h - v - 40, -4*h + 125 = 5*v. Calculate the highest common divisor of 70 and h.
35
Suppose 0*x - 80 = 3*x - 4*g, 3*x + g = -55. Let c = x - -29. Suppose 2*y + 4*j = 24, -y + 0*y - 3*j + c = 0. What is the greatest common factor of 27 and y?
9
Let i be 0 - 2/(2/(-9)). Let b(k) = -3*k**3 + 2*k - 3. Let f be b(-3). What is the highest common factor of f and i?
9
Let o(n) = 3*n**2 + 1. Let z be o(-1). Calculate the highest common divisor of z and 8.
4
Let c(n) = -n + 4. Let b be c(5). Let w be 1 + (0 - b - 1). What is the highest common factor of 5 and w?
1
Let i be 16/(-6) + 6/9. Let l(d) = d**2 - 2. Let u be l(i). What is the highest common factor of 2 and u?
2
Suppose -80 = -3*r - r. Suppose -4*h = -5*h. Let q be 9 - 1/(1 + h). What is the highest common factor of r and q?
4
Let y = 126 + -122. Let v be (1/(-2))/((-2)/144). What is the highest common factor of v and y?
4
Let o(q) = 12*q - 1. Let g be o(5). Suppose -4*h = z - g, -4*h - 5*z = -h - 40. Calculate the highest common factor of h and 5.
5
Let q = 27 - 8. Calculate the highest common factor of 57 and q.
19
Suppose 3*y = -m + 16, m + 0*y - 11 = -2*y. What is the greatest common factor of m and 8?
1
Let t(l) = l**2 - 2*l + 3. Let m be t(-2). What is the greatest common divisor of m and 88?
11
Let u(c) = 5*c - 6. Let m be u(3). What is the highest common divisor of 81 and m?
9
Let v(i) = -9*i - 9. Let d be v(-5). What is the highest common divisor of d and 9?
9
Let h = -60 + 123. Suppose 0 = 3*i + 1 - 7. Suppose i*j = -0*j + 18. What is the greatest common divisor of j and h?
9
Let n = 6 - 1. Calculate the greatest common factor of 5 and n.
5
Suppose -w = 5*d + 40 - 110, -d = -1. Calculate the highest common divisor of 26 and w.
13
Suppose -6 = 2*v - 24. Suppose 2*l = -l - 9, -l = 4*z - 33. Calculate the greatest common factor of z and v.
9
Suppose -l = -3, 5*n + 5*l - 23 = 2. Suppose 4*x - 354 = n*o, -2*x + 4*o - 172 = -4*x. What is the greatest common divisor of x and 11?
11
Let x(l) = -l**3 - 9*l**2 + 14*l + 8. Let t be x(-11). What is the greatest common divisor of t and 12?
12
Suppose 0 = -3*u - 0*u - 6. Let g be (-2)/(-7) + (-16)/7. Let v be 2/u*(-3 + g). Calculate the highest common divisor of v and 20.
5
Suppose b + 9 = 2*b. Let z = -4 + b. Let x be 4/14 + 68/7. Calculate the greatest common divisor of z and x.
5
Let u = -4 + 4. Let d(p) = -p**2 + p + 7. Let o be d(u). Calculate the highest common factor of o and 77.
7
Let o be (-1)/(3 + (-21)/6). Let w be 2 - 0/(o/(-2)). What is the greatest common factor of w and 6?
2
Let k = -4 - -5. Let y be k/6 + 1509/18. Calculate the greatest common divisor of 12 and y.
12
Let u = -22 - -41. Suppose -3*n = s + 4*s + u, 0 = -n - s - 3. Suppose 3*a - 2*t - 19 = -0*a, -2*t = n*a + 4. What is the highest common factor of 12 and a?
3
Let p = -62 - 9. Suppose 5*m + 3*h - 6*h + 267 = 0, 5*h = -3*m - 133. Let x = m - p. Calculate the highest common divisor of 140 and x.
20
Let y be 30/(-12)*(-61 + 1). Suppose 3*a + 262 = 5*c - y, 4*a = 3*c - 256. Calculate the greatest common factor of 10 and c.
10
Suppose -3 = 5*t - 18. Let u be (9/(-12))/((-2)/88). Calculate the greatest common factor of u and t.
3
Let t(x) = -3*x + 3. Let p be t(-3). Suppose -g + p = -6. What is the greatest common factor of 2 and g?
2
Let c = -35 + 59. What is the highest common divisor of c and 24?
24
Let g = -15 + 45. Suppose 3*y = -3*c + 93, -2*y - 5*c + 56 = -0*y. Suppose 2*r + 6 = 4*n - 12, 5*r - y = -3*n. Calculate the greatest common divisor of n and g.
6
Let g be (-1*6)/(3/(-2)). Suppose -g*l + 20 + 20 = 0. Suppose -2*j + 2*m + 120 = 6*m, -5*j + 5*m + 225 = 0. What is the greatest common factor of l and j?
10
Let l(m) = m**3 + 14*m**2 - 16*m - 6. Let n be l(-15). What is the greatest common divisor of 54 and n?
9
Suppose 6*n = 2*n - 5*p + 728, 0 = -3*p. Calculate the highest common divisor of 26 and n.
26
Let o be (-61 + 1)/(-3 + -1 + 3). Calculate the greatest common factor of 15 and o.
15
Suppose -n + 64 = 2*o, 2*o + 184 + 184 = 5*n. Suppose -n = -0*v - 4*v + 2*d, -v + 32 = 3*d. What is the highest common factor of 10 and v?
10
Let j(x) = -2*x. Let w be j(-1). Suppose -2 - w = -4*h. Let n = 22 + -13. What is the greatest common divisor of h and n?
1
Let n be 2/(-2)*-3*13/3. Calculate the greatest common factor of 143 and n.
13
Let w(z) = -z**3 + 6*z**2 - 4*z + 7. Let i be w(5). Calculate the greatest common divisor of 84 and i.
12
Let c be (-15)/10*(-10)/(-3). Let m be (255/25)/((-1)/c). What is the highest common divisor of m and 34?
17
Let d(r) = -r + 16. Let o be d(11). Suppose -5*c + 76 = -24. What is the highest common divisor of o and c?
5
Let g be (3 - 2) + (0 - -6). Calculate the highest common divisor of g and 21.
7
Let n(p) = 8 + p + 7 + p - p. Let k be n(0). What is the greatest common divisor of k and 45?
15
Let c be (10 - 11)/(1/(-147)). Let b(u) = 4*u + 1. Let k be b(5). What is the greatest common divisor of k and c?
21
Suppose 108 = 4*d + v + 14, 0 = d - 5*v - 13. What is the greatest common factor of 69 and d?
23
Let q(w) = 38*w - 9. Let a be q(-7). Let d = a + 185. Let i be ((-2)/(-1))/(-1) - d. Calculate the highest common factor of 8 and i.
8
Suppose 4*r - 3 = 9, 2*m - 55 = -3*r. What is the highest common factor of 46 and m?
23
Let n be (-228)/(-16) - 1/4. Suppose 0*o = -5*o + 490. Calculate the highest common factor of n and o.
14
Let y(z) = z**2 + 4*z - 2. Let f be y(2). What is the greatest common divisor of 20 and f?
10
Let r = 23 + -42. Let m = r + 27. Suppose -2*i - 2*z = -194, 3*z + 89 = i + m*z. Calculate the highest common factor of i and 11.
11
Let u = 1 + -3. Let s = 30 + u. Suppose 5*v = m + 49 + 36, 3*v - s = -4*m. Calculate the greatest common factor of 32 and v.
16
Let y(s) = -10*s**3 + 2*s**2 + 3*s + 2. Let c be y(-1). Calculate the greatest common divisor of c and 99.
11
Suppose 0 = -v - 4*r + 14, 2*v + 0*v - 4*r = 16. Calculate the highest common divisor of v and 50.
10
Let f(h) = -2*h - h**2 + 0*h + 4 + 2*h**2. Let p be f(3). Calculate the highest common factor of p and 28.
7
Suppose 4*c - 2*i - 14 = 0, 5*i + 0 = -5*c + 10. Let m(a) = a**3 - 2*a**2 - 2*a - 1. Let x be m(3). What is the greatest common diviso